What is the greatest common divisor of 388976 and 215024?
2416
Calculate the highest common factor of 399 and 52383.
57
What is the greatest common factor of 39 and 1083?
3
What is the highest common factor of 739720 and 15?
5
What is the highest common factor of 29548 and 1424?
356
Calculate the highest common factor of 123 and 87371.
41
What is the greatest common factor of 30569 and 19327?
77
Calculate the greatest common factor of 573694 and 178.
178
What is the greatest common divisor of 1779386 and 196?
98
What is the highest common divisor of 24 and 50088?
24
Calculate the greatest common divisor of 93 and 1590207.
93
Calculate the highest common divisor of 12285 and 265005.
1755
Calculate the greatest common factor of 486 and 543618.
54
What is the highest common factor of 279111 and 84?
21
What is the highest common factor of 145548 and 31356?
468
Calculate the highest common divisor of 44299 and 248.
31
What is the highest common divisor of 101205 and 13?
13
What is the highest common divisor of 432 and 61452?
108
What is the greatest common divisor of 900 and 1349820?
180
What is the highest common divisor of 119734 and 4978?
262
What is the highest common factor of 728 and 34636?
28
Calculate the greatest common factor of 55892 and 942.
314
What is the highest common divisor of 171305 and 5?
5
Calculate the highest common divisor of 526 and 30.
2
Calculate the highest common divisor of 127083 and 33.
33
What is the greatest common divisor of 26255 and 5605?
295
Calculate the highest common factor of 582600 and 1160.
40
Calculate the greatest common divisor of 139 and 223373.
139
Calculate the greatest common factor of 5118810 and 50.
10
Calculate the highest common factor of 262 and 381996.
262
What is the highest common divisor of 10205 and 2795?
65
Calculate the highest common divisor of 478676 and 258.
86
What is the greatest common factor of 15725 and 2125?
425
What is the greatest common divisor of 67298 and 644?
322
Calculate the greatest common factor of 8580 and 550.
110
Calculate the greatest common factor of 111397 and 1287.
143
Calculate the greatest common factor of 330 and 2204840.
110
What is the greatest common divisor of 340045 and 235?
235
What is the greatest common divisor of 195 and 13215?
15
Calculate the highest common factor of 31066 and 1585.
317
Calculate the greatest common divisor of 3225243 and 1203.
1203
What is the highest common factor of 972725 and 205?
205
What is the highest common divisor of 135 and 2471445?
135
What is the greatest common divisor of 1840 and 69?
23
What is the greatest common factor of 5724 and 45?
9
Calculate the greatest common factor of 497505 and 510.
255
What is the greatest common factor of 60335 and 440?
55
Calculate the highest common factor of 601682 and 118.
118
What is the highest common factor of 1845 and 533?
41
What is the highest common divisor of 3287 and 703?
19
Calculate the highest common factor of 522774 and 1638.
126
Calculate the greatest common factor of 275613 and 117.
39
What is the highest common factor of 135 and 2464695?
135
What is the greatest common factor of 6 and 245886?
6
What is the greatest common divisor of 68 and 134895?
17
Calculate the highest common divisor of 2201 and 93.
31
What is the highest common factor of 170960 and 20?
20
What is the highest common divisor of 104 and 5707?
13
What is the greatest common factor of 4218 and 13542?
222
Calculate the highest common factor of 23180 and 15.
5
Calculate the highest common factor of 5135295 and 99.
33
Calculate the greatest common factor of 152 and 107.
1
What is the greatest common factor of 1503201 and 1128?
141
What is the highest common factor of 2808931 and 59?
59
Calculate the greatest common divisor of 1434 and 2629.
239
Calculate the greatest common factor of 30 and 1941915.
15
Calculate the greatest common divisor of 14101 and 20554.
239
Calculate the highest common factor of 99656 and 4.
4
Calculate the highest common factor of 16724 and 7232.
452
What is the greatest common divisor of 98239 and 403?
31
Calculate the greatest common factor of 390 and 210873.
39
What is the highest common factor of 356616 and 2160?
216
What is the greatest common factor of 222 and 16724?
74
Calculate the highest common divisor of 34931 and 13.
13
What is the highest common factor of 1057 and 2?
1
Calculate the greatest common factor of 26837 and 51961.
571
What is the greatest common divisor of 145 and 84013?
29
Calculate the greatest common factor of 832 and 2368.
64
What is the highest common factor of 5610 and 2090?
110
Calculate the greatest common divisor of 37556 and 820.
164
Calculate the highest common divisor of 7160 and 280.
40
Calculate the highest common divisor of 3614 and 338.
26
What is the greatest common divisor of 38545 and 104?
13
Calculate the highest common factor of 2737977 and 957.
957
What is the highest common divisor of 3 and 34647?
3
Calculate the greatest common divisor of 11 and 3421.
11
What is the highest common divisor of 160064 and 4838?
82
Calculate the highest common factor of 1162 and 10360.
14
What is the highest common divisor of 676494 and 1764?
882
What is the highest common factor of 6201113 and 388?
97
What is the highest common factor of 972 and 2034?
18
Calculate the greatest common divisor of 1328 and 89104.
16
Calculate the highest common factor of 99 and 2979.
9
Calculate the greatest common factor of 217695 and 138.
69
What is the highest common factor of 39202 and 170?
34
Calculate the highest common divisor of 9928 and 294920.
584
Calculate the highest common divisor of 2444 and 88244.
52
Calculate the highest common factor of 131308 and 119.
17
What is the greatest common divisor of 2574 and 2059772?
286
What is the greatest common divisor of 8339 and 1891?
31
Calculate the greatest common divisor of 10 and 77845.
5
Calculate the highest common divisor of 13 and 2600.
13
Calculate the greatest common factor of 110 and 2274074.
22
What is the greatest common divisor of 1040905 and 509?
509
Calculate the highest common divisor of 3267 and 2457.
27
Calculate the greatest common factor of 4 and 65438.
2
Calculate the highest common factor of 608 and 911392.
608
Calculate the greatest common factor of 1050 and 4350.
150
What is the greatest common factor of 147121 and 156?
13
What is the greatest common factor of 111296 and 429533?
1739
What is the highest common divisor of 409932 and 2006?
118
Calculate the greatest common factor of 8 and 267352.
8
What is the highest common divisor of 55869 and 1518?
33
What is the highest common factor of 13581 and 427047?
1509
Calculate the highest common factor of 9 and 27963.
9
What is the greatest common divisor of 2982 and 1022?
14
Calculate the greatest common divisor of 254515 and 2943.
109
Calculate the greatest common divisor of 26 and 92131.
13
Calculate the highest common factor of 168188 and 304.
76
What is the highest common factor of 5550 and 2479?
37
What is the highest common divisor of 56 and 4961152?
56
What is the greatest common factor of 90687 and 1776?
111
What is the greatest common divisor of 1861912 and 312?
104
Calculate the greatest common factor of 153 and 481185.
153
What is the greatest common factor of 2848 and 352?
32
What is the highest common factor of 649162 and 272?
34
Calculate the highest common divisor of 58760 and 2080.
520
What is the highest common factor of 46 and 13012?
2
What is the highest common factor of 6100496 and 16?
16
What is the highest common factor of 17567 and 55?
11
What is the greatest common divisor of 8975 and 435467?
359
What is the greatest common divisor of 560 and 103920?
80
What is the greatest common divisor of 39150 and 130?
10
Calculate the highest common factor of 470 and 8010.
10
What is the greatest common factor of 5132 and 380?
4
What is the greatest common factor of 3652 and 14124?
44
Calculate the greatest common divisor of 11 and 319011.
11
Calculate the greatest common divisor of 2888 and 17480.
152
Calculate the greatest common factor of 228 and 3156.
12
What is the highest common factor of 366 and 4543707?
183
Calculate the highest common factor of 165 and 975105.
15
Calculate the highest common factor of 494973 and 903.
129
Calcula